?
10
Let m = 526 + 1398. Calculate the greatest common divisor of m and 888.
148
Suppose -3*u + 4*u - 13 = -b, 77 = 5*b + u. Let f = 3 + -2. Suppose y - f = -3*h, -3*h + 3*y = -6*h - 9. What is the greatest common factor of b and h?
2
Let w(s) = -s**2 + 11*s - 34. Let j be w(16). Let b = -113 - j. Calculate the greatest common factor of b and 31.
1
Let d(r) = r**2 + 3*r - 13. Let a be d(-6). Suppose -2*i + 5*f + 51 = 0, -f - a + 2 = 0. Calculate the greatest common divisor of 4 and i.
2
Let y be 230/1725 - ((-6)/(-9) - (-63608)/(-15)). Calculate the greatest common factor of y and 80.
80
Let m be (-4)/(-3)*(-456666)/(-524). What is the highest common divisor of 42 and m?
14
Suppose 7*f = -2*f - 4*f + 27313. What is the highest common factor of 11 and f?
11
Let g = -18128 + 18173. Calculate the greatest common factor of 3435 and g.
15
Suppose 3*o - 4458 = 6*k, -30*k - 2980 = -2*o - 34*k. Calculate the highest common divisor of 465 and o.
93
Suppose -3159 = -4*u + 4*i - 1103, 4*u + 4*i = 2104. Calculate the greatest common divisor of u and 7436.
52
Suppose -q + 192 = 5*i - 5*q, i + 4*q - 24 = 0. Let a be (-175)/(-15) + 5/15. Calculate the highest common factor of i and a.
12
Let f(h) = -h**3 - 11*h**2 + 11*h - 8. Let o be f(-12). Suppose -2*t + o*a = -444, 58 = 2*t + 2*a - 416. What is the greatest common divisor of 29 and t?
29
Let v be 3/(18 - 890/50). Let c(r) = -r**2 - 7*r - 4. Let b be c(-5). What is the highest common divisor of v and b?
3
Let w = 250 + -350. Let k = 167 + w. Suppose 0 = -62*f + k*f - 90. What is the highest common divisor of 45 and f?
9
Suppose 0 = 8*h - 10*h + 60. Let r be ((-84)/h - -10) + 1/(-5). Calculate the greatest common factor of 42 and r.
7
Let a = -32 + 245. Let n = 2773 - 2767. What is the highest common factor of a and n?
3
Suppose -12*d + 10071 = 22*d - 4515. What is the highest common divisor of d and 363?
33
Let b be (-348)/(-20) - 6/(-10). Suppose -6*l = -b + 6. Suppose -2*v - 3*q = -8, -l*q = 2*v - 7 - 3. What is the highest common divisor of v and 91?
7
Let z(f) = -f**2 + 2*f + 13. Let w be z(-6). Let t = w + 51. Let o be (-436)/(-20) + t/5 + -3. What is the greatest common factor of o and 154?
22
Let g = 30 - 30. Suppose g = -6*b + 3*b. Suppose 3*l - 4*q = 26, 5*l + 5*q - 20 + 0 = b. What is the greatest common divisor of 2 and l?
2
Suppose -2*h = -5*x + 20, 1 = x - 2*h - 3. Suppose -23 = -x*k - 11. Let a be (-630)/(-165) + 4/22. Calculate the highest common divisor of a and k.
1
Let t be (-2)/6 - 40/(-3). Let y(x) = -x**3 - 83*x**2 - 1724*x - 311. Let b be y(-38). What is the greatest common factor of b and t?
13
Let r(i) = -17*i + 855 + i**2 - 885 + i. Let o be r(-14). Calculate the greatest common divisor of o and 78.
78
Suppose -186*x + 24556 + 18596 = 0. Calculate the greatest common factor of 1856 and x.
232
Let j(c) = 4*c**2 + 47*c + 1089. Let w be j(-23). Calculate the greatest common factor of w and 180.
36
Let s be (176/(-14))/(15 + (-856)/56). What is the highest common factor of 209 and s?
11
Suppose 2*f + 3*f = 4*d + 116, -4*d = f + 92. Suppose -i - 2*i - 72 = -3*p, -5*i = 2*p + 155. Let g = d - i. What is the greatest common divisor of 85 and g?
5
Let p(k) = -k**3 - 26*k**2 + 2*k + 9. Let d(l) = -l**2 - l - 1. Let c(u) = 2*d(u) + p(u). Let b be c(-28). What is the highest common factor of 343 and b?
7
Suppose -3*d + 660 = 24. Suppose 4*p - 174 = -z, -3*z - z = 5*p - d. Suppose -4*x - 8 = -p. What is the highest common factor of x and 144?
9
Let b be ((-264)/36)/11 + (-48422)/(-3). What is the greatest common divisor of b and 120?
60
Let l be ((-64)/12 - -6)*3/1. Suppose -6*k + l*k = h - 300, 5*h - 208 = -3*k. What is the highest common divisor of 8 and k?
4
Let n = -60 - -158. Let x = n - 46. Let a = 64 - x. Calculate the highest common factor of 12 and a.
12
Let t(f) = 3*f**3 + 268*f**2 + 627*f + 262. Let s be t(-86). Calculate the greatest common factor of s and 35.
35
Let i = 1661 - -5427. What is the highest common factor of 16 and i?
16
Let a = 293 + -176. Calculate the greatest common factor of a and 216.
9
Let x = 8 + -14. Let p be (x + 0 + 7)*17. What is the greatest common divisor of 1139 and p?
17
Let u(v) = 9*v**2 + 186*v + 7. Let m be u(-19). Let y = 768 + m. What is the highest common factor of 70 and y?
70
Let n(w) = -33*w**3 - w**2 - 2*w - 2. Let u be n(-1). Suppose 3*i + 6*p = 3*p + 852, -4 = p. Suppose q = 4*q - i. What is the highest common factor of u and q?
32
Suppose -t - 7*g = -11*g - 20, -3*g = -3*t + 96. What is the greatest common divisor of t and 11646?
18
Suppose -53*y - 43086 + 209754 = 15*y. Calculate the highest common factor of 258 and y.
129
Let a(g) = g**2 + 3*g + 1. Let j be a(-3). Let n be j - -1 - (3 + -46). Let d = 297029 - 297020. What is the greatest common divisor of d and n?
9
Let v(s) = -s**3 - 12*s**2 - 15*s - 2. Let m be v(-11). Suppose 0 = 3*f + 91 + 11. Let h = m + f. What is the greatest common divisor of h and 20?
4
Let n be (-180)/108*(-5)/((-10)/(-168)). Calculate the highest common factor of n and 340.
20
Suppose 16*m - 11*m = 4*x - 301, 4*x = -4. Let r = m - -245. Let w = 20 + 3. Calculate the highest common divisor of w and r.
23
Let c(r) = -r + 5. Let f be c(0). Suppose -16 = -q - b + 10, 20 = -f*b. Calculate the greatest common factor of 120 and q.
30
Let r(a) = -2*a + 1. Let t be (-132)/11*(-4)/(-6). Let f = -12 - t. Let o be r(f). Calculate the highest common factor of 63 and o.
9
Let u(y) = 46*y**2 + 196*y + 36. Let r be u(-7). What is the highest common divisor of r and 136?
34
Suppose 0 = -n + 2*g - 14, -2*n + 7*g = 5*g + 26. Let j = 13 - n. Let s be 4/20 - 48/(-10). Calculate the greatest common divisor of j and s.
5
Let k = -908 + 918. Let f be (-1904)/(-70) + -1 - (-8)/k. What is the greatest common factor of f and 72?
9
Let w(n) = 5*n**2 - 16*n + 92. Let k be w(12). Suppose 5*j - k = -5*a, -2*j = -4*j + 5*a + 227. What is the highest common factor of 22 and j?
11
Suppose -74 = -43*y + 227. Calculate the highest common divisor of y and 1134.
7
Suppose 0 = 33*o - 39*o - 108. Let b be 3/(2/o*-3). Calculate the greatest common divisor of b and 69.
3
Let p be -1 + (-16)/(-4) + -1. Suppose 2*b - 5*b = -p*r - 1017, 3*b + 3*r - 1032 = 0. What is the greatest common factor of b and 11?
11
Let d(f) = 136*f - 213. Let b be d(3). What is the highest common divisor of b and 5?
5
Let c be 3*((756/70)/(-9) - 3806/(-30)). What is the highest common factor of c and 58?
29
Let s = -187 - -327. Suppose 0 = 6156*p - 6214*p + 1160. Calculate the greatest common factor of p and s.
20
Suppose -3*o - 5*j = -6028, -6 = 4*j - 14. What is the highest common factor of 1062 and o?
118
Suppose -5*t - 517 - 463 = 0. Let c = -185 - t. Calculate the greatest common factor of c and 11.
11
Let s(d) = -72*d + 1410. Let n be s(16). Calculate the highest common factor of n and 42.
6
Suppose -107*r + 152*r = 136485. Calculate the highest common divisor of 18 and r.
9
Suppose b - 64 = 3*u, -365*b + 178 = -361*b + u. Calculate the highest common divisor of 8234 and b.
46
Let q be -1 - (-3108 - 340/(-20)). What is the greatest common divisor of 240 and q?
30
Let t = -15331 + 15777. What is the greatest common factor of 4 and t?
2
Let u = 2673 + -1201. Calculate the highest common divisor of 644 and u.
92
Let w = -12457 + 13545. What is the highest common factor of w and 306?
34
Suppose 10 = -4*c - 14. Let v = 1046 + -986. Let d = v + c. What is the highest common factor of 6 and d?
6
Let i(q) = 68*q. Let o be i(2). Let z = -36861 + 36929. Calculate the greatest common factor of o and z.
68
Let f be 1836/(-378)*-294*4*(-1)/(-6). What is the highest common factor of 238 and f?
238
Let b = -210 + 330. Let o = 121 - b. What is the highest common divisor of 8 and o?
1
Suppose -3*y + 7 = -0*u + 2*u, -u + 2*y = 0. Let r = -739 - -736. Let d be 17 + -12 + (-2 - (2 + r)). Calculate the highest common divisor of d and u.
2
Let k = -6654 - -7074. Calculate the greatest common divisor of k and 56.
28
Suppose 0 = 76*g - 25955 - 12121. Suppose z - 2*z + 17 = 0. Suppose -g - 43 = -z*a. What is the greatest common divisor of a and 2?
2
Let b = 27 - 2. Suppose b*u = 21*u + 12. Suppose 8*j - u = 77. What is the highest common divisor of 20 and j?
10
Let p be (-128)/(-12)*(-1422)/